{"id":9,"date":"2026-02-17T11:38:52","date_gmt":"2026-02-17T10:38:52","guid":{"rendered":"http:\/\/dyston.pl\/?page_id=9"},"modified":"2026-02-19T12:50:37","modified_gmt":"2026-02-19T11:50:37","slug":"about","status":"publish","type":"page","link":"https:\/\/dyston.pl\/?page_id=9","title":{"rendered":"O nas"},"content":{"rendered":"\n<h2 class=\"wp-block-heading has-large-font-size\" id=\"inspiro-is-a-digital-product-agency-that-focuses-on-strategy-and-design\" style=\"font-style:normal;font-weight:100\">DYSTON to solidny partner w logistyce i pakowaniu &#8211; z siedzib\u0105 w Bielsku-Bia\u0142ej.<\/h2>\n\n\n\n<p>Od lat wspieramy firmy, dostarczaj\u0105c kompleksowe rozwi\u0105zania opakowa\u0144, kt\u00f3re realnie usprawniaj\u0105 codzienn\u0105 prac\u0119.<\/p>\n\n\n\n<p>W naszej ofercie znajduj\u0105 si\u0119 opakowania kartonowe, ta\u015bmy, palety oraz pojemniki plastikowe &#8211; wszystko, czego potrzebujesz, by bezpiecznie zapakowa\u0107 i wys\u0142a\u0107 sw\u00f3j towar.<\/p>\n\n\n\n<p>Dysponujemy nowoczesnymi magazynami wysokiego sk\u0142adowania, kt\u00f3re pozwalaj\u0105 nam dzia\u0142a\u0107 szybko, sprawnie i bez kompromis\u00f3w jako\u015bciowych. Dzi\u0119ki temu mamy sta\u0142y dost\u0119p do szerokiego asortymentu i gwarantujemy ci\u0105g\u0142o\u015b\u0107 dostaw.<\/p>\n\n\n\n<p>W\u0142asna flota samochod\u00f3w dostawczych umo\u017cliwia nam terminow\u0105 i bezpieczn\u0105 realizacj\u0119 zam\u00f3wie\u0144, niezale\u017cnie od ich wielko\u015bci.<\/p>\n\n\n\n<p id=\"inspiro-is-a-digital-product-agency-that-focuses-on-strategy-and-design\">DYSTON to do\u015bwiadczenie, elastyczno\u015b\u0107 i niezawodno\u015b\u0107.<\/p>\n\n\n\n<div class=\"wp-block-cover alignfull\" style=\"padding-top:50px;padding-right:50px;padding-bottom:50px;padding-left:50px;min-height:316px;aspect-ratio:unset;\"><span aria-hidden=\"true\" class=\"wp-block-cover__background has-black-background-color has-background-dim-100 has-background-dim\"><\/span><div class=\"wp-block-cover__inner-container is-layout-flow wp-block-cover-is-layout-flow\">\n<div class=\"wp-block-columns are-vertically-aligned-center is-layout-flex wp-container-core-columns-is-layout-28f84493 wp-block-columns-is-layout-flex\">\n<div class=\"wp-block-column is-layout-flow wp-block-column-is-layout-flow\">\n<div class=\"wp-block-media-text is-stacked-on-mobile\"><figure class=\"wp-block-media-text__media\"><img loading=\"lazy\" decoding=\"async\" width=\"1024\" height=\"683\" src=\"http:\/\/dyston.pl\/wp-content\/uploads\/2026\/02\/Young_Couple_Unpacking_Moving_Boxes_In_New_Flat_original_2779206-2-1024x683.jpg\" alt=\"\" class=\"wp-image-130 size-full\" srcset=\"https:\/\/dyston.pl\/wp-content\/uploads\/2026\/02\/Young_Couple_Unpacking_Moving_Boxes_In_New_Flat_original_2779206-2-1024x683.jpg 1024w, https:\/\/dyston.pl\/wp-content\/uploads\/2026\/02\/Young_Couple_Unpacking_Moving_Boxes_In_New_Flat_original_2779206-2-300x200.jpg 300w, https:\/\/dyston.pl\/wp-content\/uploads\/2026\/02\/Young_Couple_Unpacking_Moving_Boxes_In_New_Flat_original_2779206-2-2000x1335.jpg 2000w\" sizes=\"auto, (max-width: 1024px) 100vw, 1024px\" \/><\/figure><div class=\"wp-block-media-text__content\">\n<p>Napisz do nas: dystonbb@gmail.com<\/p>\n\n\n\n<p>Zadzwo\u0144: <strong>663 788 046<\/strong><\/p>\n<\/div><\/div>\n<\/div>\n<\/div>\n<\/div><\/div>\n","protected":false},"excerpt":{"rendered":"<p>DYSTON to solidny partner w logistyce i pakowaniu &#8211; z siedzib\u0105 w Bielsku-Bia\u0142ej. Od lat wspieramy firmy, dostarczaj\u0105c kompleksowe rozwi\u0105zania opakowa\u0144, kt\u00f3re realnie usprawniaj\u0105 codzienn\u0105 prac\u0119. W naszej ofercie znajduj\u0105 si\u0119 opakowania kartonowe, ta\u015bmy, palety oraz pojemniki plastikowe &#8211; wszystko, czego potrzebujesz, by bezpiecznie zapakowa\u0107 i wys\u0142a\u0107 sw\u00f3j towar. Dysponujemy nowoczesnymi magazynami wysokiego sk\u0142adowania, kt\u00f3re &hellip; <\/p>\n<p class=\"link-more\"><a href=\"https:\/\/dyston.pl\/?page_id=9\" class=\"more-link\">Read more<span class=\"screen-reader-text\"> &#8220;O nas&#8221;<\/span><\/a><\/p>\n","protected":false},"author":1,"featured_media":34,"parent":0,"menu_order":0,"comment_status":"closed","ping_status":"closed","template":"","meta":{"_inspiro_hide_title":false,"footnotes":""},"class_list":["post-9","page","type-page","status-publish","has-post-thumbnail","hentry"],"_links":{"self":[{"href":"https:\/\/dyston.pl\/index.php?rest_route=\/wp\/v2\/pages\/9","targetHints":{"allow":["GET"]}}],"collection":[{"href":"https:\/\/dyston.pl\/index.php?rest_route=\/wp\/v2\/pages"}],"about":[{"href":"https:\/\/dyston.pl\/index.php?rest_route=\/wp\/v2\/types\/page"}],"author":[{"embeddable":true,"href":"https:\/\/dyston.pl\/index.php?rest_route=\/wp\/v2\/users\/1"}],"replies":[{"embeddable":true,"href":"https:\/\/dyston.pl\/index.php?rest_route=%2Fwp%2Fv2%2Fcomments&post=9"}],"version-history":[{"count":9,"href":"https:\/\/dyston.pl\/index.php?rest_route=\/wp\/v2\/pages\/9\/revisions"}],"predecessor-version":[{"id":139,"href":"https:\/\/dyston.pl\/index.php?rest_route=\/wp\/v2\/pages\/9\/revisions\/139"}],"wp:featuredmedia":[{"embeddable":true,"href":"https:\/\/dyston.pl\/index.php?rest_route=\/wp\/v2\/media\/34"}],"wp:attachment":[{"href":"https:\/\/dyston.pl\/index.php?rest_route=%2Fwp%2Fv2%2Fmedia&parent=9"}],"curies":[{"name":"wp","href":"https:\/\/api.w.org\/{rel}","templated":true}]}}